 is the thousands digit of 194823191?
3
What is the tens digit of 582847283?
8
What is the tens digit of 53278024?
2
What is the hundreds digit of 66585990?
9
What is the hundreds digit of 89038497?
4
What is the hundred thousands digit of 5976619?
9
What is the units digit of 1792898267?
7
What is the ten thousands digit of 13431758?
3
What is the millions digit of 26446873?
6
What is the tens digit of 95750911?
1
What is the thousands digit of 21049938?
9
What is the units digit of 467575669?
9
What is the units digit of 2925895898?
8
What is the ten thousands digit of 26161880?
6
What is the hundred thousands digit of 1267443473?
4
What is the hundred millions digit of 436821017?
4
What is the ten millions digit of 33133129?
3
What is the millions digit of 354768617?
4
What is the ten millions digit of 351741576?
5
What is the units digit of 1910547702?
2
What is the hundred millions digit of 436361234?
4
What is the ten millions digit of 365036098?
6
What is the ten thousands digit of 5467222888?
2
What is the millions digit of 2090949752?
0
What is the hundreds digit of 340460131?
1
What is the hundreds digit of 1403436?
4
What is the ten thousands digit of 35463965?
6
What is the ten millions digit of 271428516?
7
What is the thousands digit of 753616966?
6
What is the hundred thousands digit of 81948198?
9
What is the tens digit of 90758404?
0
What is the units digit of 51120278?
8
What is the hundred thousands digit of 9712486?
7
What is the ten millions digit of 7526796312?
2
What is the hundred thousands digit of 9594970?
5
What is the hundreds digit of 39158169?
1
What is the units digit of 85395651?
1
What is the hundreds digit of 1109777537?
5
What is the hundred millions digit of 2609948749?
6
What is the billions digit of 9056309027?
9
What is the hundreds digit of 664988414?
4
What is the thousands digit of 542192372?
2
What is the ten thousands digit of 228307257?
0
What is the ten millions digit of 2047910185?
4
What is the ten millions digit of 2941119556?
4
What is the ten thousands digit of 25644134?
4
What is the thousands digit of 35804159?
4
What is the hundreds digit of 5472970798?
7
What is the hundreds digit of 2561586443?
4
What is the hundred millions digit of 1323039529?
3
What is the hundreds digit of 31238221?
2
What is the billions digit of 1314694195?
1
What is the hundred thousands digit of 442513574?
5
What is the ten thousands digit of 3777119951?
1
What is the hundred thousands digit of 889998294?
9
What is the ten thousands digit of 114250797?
5
What is the hundreds digit of 230851978?
9
What is the hundreds digit of 3155626009?
0
What is the units digit of 4678829916?
6
What is the hundred thousands digit of 16936829?
9
What is the thousands digit of 38945149?
5
What is the millions digit of 435050765?
5
What is the hundred millions digit of 1832552680?
8
What is the ten millions digit of 30624631?
3
What is the ten millions digit of 1967771890?
6
What is the hundred millions digit of 119489707?
1
What is the ten millions digit of 749742099?
4
What is the thousands digit of 15999227?
9
What is the tens digit of 687628742?
4
What is the tens digit of 227001995?
9
What is the millions digit of 10312361?
0
What is the tens digit of 82851391?
9
What is the ten millions digit of 718996593?
1
What is the tens digit of 28786999?
9
What is the millions digit of 2957795549?
7
What is the units digit of 39941758?
8
What is the millions digit of 1687334675?
7
What is the hundred millions digit of 1700146466?
7
What is the hundreds digit of 2111214164?
1
What is the ten millions digit of 1176568935?
7
What is the ten thousands digit of 93999011?
9
What is the hundred thousands digit of 3127860456?
8
What is the hundred thousands digit of 29044734?
0
What is the ten thousands digit of 175974154?
7
What is the units digit of 303288886?
6
What is the ten thousands digit of 5871412573?
1
What is the ten thousands digit of 576439208?
3
What is the units digit of 1635292856?
6
What is the billions digit of 1258672268?
1
What is the tens digit of 153533652?
5
What is the hundred thousands digit of 1245317515?
3
What is the millions digit of 1155074991?
5
What is the hundred thousands digit of 168785846?
7
What is the hundred millions digit of 568485836?
5
What is the billions digit of 1155700445?
1
What is the hundreds digit of 99498133?
1
What is the units digit of 5388674555?
5
What is the billions digit of 1200562461?
1
What is the ten millions digit of 80771567?
8
What is the hundred thousands digit of 1032237885?
2
What is the ten millions digit of 1413210166?
1
What is the thousands digit of 46137210?
7
What is the units digit of 79690417?
7
What is the ten millions digit of 852835657?
5
What is the hundred millions digit of 3055402239?
0
What is the ten thousands digit of 1374295467?
9
What is the hundred millions digit of 880338824?
8
What is the hundreds digit of 4989451556?
5
What is the millions digit of 15600905?
5
What is the hundreds digit of 181480978?
9
What is the tens digit of 70760982?
8
What is the thousands digit of 6593021?
3
What is the millions digit of 1058644182?
8
What is the units digit of 1182857096?
6
What is the ten millions digit of 22830980?
2
What is the units digit of 23250763?
3
What is the hundred millions digit of 281085894?
2
What is the hundreds digit of 22862409?
4
What is the hundred thousands digit of 597966562?
9
What is the thousands digit of 63348250?
8
What is the millions digit of 26637617?
6
What is the hundreds digit of 336822287?
2
What is the millions digit of 312634481?
2
What is the billions digit of 2148037418?
2
What is the hundred thousands digit of 950262485?
2
What is the ten millions digit of 2235173859?
3
What is the hundred millions digit of 1942595256?
9
What is the hundred thousands digit of 466747765?
7
What is the ten millions digit of 148383080?
4
What is the ten thousands digit of 99707522?
0
What is the hundreds digit of 139933871?
8
What is the ten millions digit of 2042877185?
4
What is the ten millions digit of 2362610322?
6
What is the hundred millions digit of 2491020224?
4
What is the units digit of 784528162?
2
What is the tens digit of 245449181?
8
What is the thousands digit of 60561169?
1
What is the tens digit of 357441602?
0
What is the hundreds digit of 456522914?
9
What is the billions digit of 5778061798?
5
What is the ten millions digit of 242736504?
4
What is the ten thousands digit of 52743874?
4
What is the hundred millions digit of 1165444119?
1
What is the hundreds digit of 13839828?
8
What is the thousands digit of 45229625?
9
What is the ten thousands digit of 485995398?
9
What is the ten thousands digit of 23127348?
2
What is the hundred millions digit of 147136099?
1
What is the ten millions digit of 5869889218?
6
What is the tens digit of 3308407665?
6
What is the hundreds digit of 5558585?
5
What is the ten millions digit of 2045931418?
4
What is the hundred millions digit of 2235665256?
2
What is the thousands digit of 53035569?
5
What is the hundreds digit of 312966005?
0
What is the tens digit of 3281196089?
8
What is the millions digit of 468948571?
8
What is the hundred thousands digit of 122744612?
7
What is the hundred millions digit of 196106550?
1
What is the hundred thousands digit of 313004263?
0
What is the tens digit of 257928700?
0
What is the ten thousands digit of 20016610?
1
What is the ten millions digit of 179622571?
7
What is the ten millions digit of 484982967?
8
What is the millions digit of 916015858?
6
What is the hundred thousands digit of 264942030?
9
What is the hundred millions digit of 1575441047?
5
What is the hundred thousands digit of 1309856813?
8
What is the thousands digit of 1965421730?
1
What is the ten thousands digit of 31679628?
7
What is the ten millions digit of 354313465?
5
What is the thousands digit of 1167853697?
3
What is the ten millions digit of 769878647?
6
What is the thousands digit of 69616788?
6
What is the hundred thousands digit of 2795903840?
9
What is the millions digit of 722105531?
2
What is the hundred thousands digit of 4169476903?
4
What is the thousands digit of 79155803?
5
What is the hundred thousands digit of 32738160?
7
What is the ten thousands digit of 99